culate the remainder when 254113 is divided by 63518.
41
Calculate the remainder when 1541 is divided by 764.
13
Calculate the remainder when 4105 is divided by 4090.
15
What is the remainder when 4180 is divided by 263?
235
What is the remainder when 21771 is divided by 7254?
9
Calculate the remainder when 6438 is divided by 1600.
38
Calculate the remainder when 72846 is divided by 9105.
6
What is the remainder when 25953 is divided by 206?
203
Calculate the remainder when 1008845 is divided by 14.
5
Calculate the remainder when 3541795 is divided by 1071.
1069
What is the remainder when 498992 is divided by 167?
163
Calculate the remainder when 826 is divided by 207.
205
What is the remainder when 129183 is divided by 366?
351
What is the remainder when 71440 is divided by 1171?
9
What is the remainder when 94442 is divided by 182?
166
Calculate the remainder when 950 is divided by 186.
20
What is the remainder when 2438 is divided by 52?
46
Calculate the remainder when 6224 is divided by 13.
10
What is the remainder when 8692 is divided by 48?
4
Calculate the remainder when 15479 is divided by 8.
7
Calculate the remainder when 28981 is divided by 38.
25
Calculate the remainder when 131402 is divided by 43796.
14
Calculate the remainder when 532536 is divided by 266266.
4
Calculate the remainder when 3449 is divided by 1133.
50
What is the remainder when 33208 is divided by 11062?
22
Calculate the remainder when 40260 is divided by 247.
246
What is the remainder when 102307 is divided by 504?
499
What is the remainder when 8320 is divided by 1695?
1540
Calculate the remainder when 15210 is divided by 380.
10
What is the remainder when 669 is divided by 153?
57
What is the remainder when 887 is divided by 113?
96
What is the remainder when 35796 is divided by 20?
16
What is the remainder when 163290 is divided by 237?
234
Calculate the remainder when 512950 is divided by 448.
438
Calculate the remainder when 6181 is divided by 1231.
26
What is the remainder when 27927 is divided by 27905?
22
Calculate the remainder when 472401 is divided by 1952.
17
What is the remainder when 4752 is divided by 1583?
3
Calculate the remainder when 25440 is divided by 509.
499
What is the remainder when 2001 is divided by 181?
10
Calculate the remainder when 63187 is divided by 89.
86
What is the remainder when 191358 is divided by 13?
11
What is the remainder when 619619 is divided by 1187?
5
What is the remainder when 7957 is divided by 734?
617
What is the remainder when 1452 is divided by 1287?
165
What is the remainder when 12390 is divided by 3095?
10
Calculate the remainder when 86564 is divided by 28842.
38
What is the remainder when 3673 is divided by 906?
49
What is the remainder when 3494 is divided by 579?
20
What is the remainder when 98337 is divided by 298?
295
Calculate the remainder when 589024 is divided by 31.
24
What is the remainder when 18149 is divided by 490?
19
What is the remainder when 1629666 is divided by 407412?
18
What is the remainder when 36687 is divided by 9168?
15
What is the remainder when 14812 is divided by 926?
922
What is the remainder when 39241 is divided by 3567?
4
What is the remainder when 379616 is divided by 444?
440
Calculate the remainder when 803314 is divided by 1133.
17
Calculate the remainder when 1122 is divided by 392.
338
Calculate the remainder when 562 is divided by 560.
2
What is the remainder when 1587 is divided by 559?
469
Calculate the remainder when 1125 is divided by 431.
263
What is the remainder when 5044 is divided by 29?
27
What is the remainder when 19248 is divided by 552?
480
What is the remainder when 2950 is divided by 428?
382
What is the remainder when 306615 is divided by 217?
211
Calculate the remainder when 606894 is divided by 9.
6
What is the remainder when 5486 is divided by 2725?
36
Calculate the remainder when 2243 is divided by 39.
20
What is the remainder when 79602 is divided by 169?
3
What is the remainder when 657672 is divided by 19929?
15
What is the remainder when 71214 is divided by 656?
366
Calculate the remainder when 30334 is divided by 1674.
202
What is the remainder when 541 is divided by 202?
137
What is the remainder when 724357 is divided by 364?
361
What is the remainder when 102753 is divided by 51375?
3
Calculate the remainder when 212916 is divided by 17.
8
What is the remainder when 178079 is divided by 420?
419
Calculate the remainder when 5384 is divided by 120.
104
Calculate the remainder when 2717 is divided by 1341.
35
What is the remainder when 227938 is divided by 524?
522
What is the remainder when 177833 is divided by 214?
213
Calculate the remainder when 10690 is divided by 588.
106
What is the remainder when 8718 is divided by 2884?
66
What is the remainder when 10013 is divided by 625?
13
What is the remainder when 102728 is divided by 1447?
1438
Calculate the remainder when 22784 is divided by 44.
36
Calculate the remainder when 914939 is divided by 304979.
2
Calculate the remainder when 23647 is divided by 8.
7
What is the remainder when 13323 is divided by 14?
9
What is the remainder when 1854470 is divided by 829?
826
Calculate the remainder when 1586 is divided by 784.
18
Calculate the remainder when 67423 is divided by 725.
723
What is the remainder when 136999 is divided by 200?
199
Calculate the remainder when 13672 is divided by 131.
48
Calculate the remainder when 9334 is divided by 3098.
40
Calculate the remainder when 114752 is divided by 95.
87
Calculate the remainder when 4735 is divided by 76.
23
What is the remainder when 216511 is divided by 440?
31
What is the remainder when 12280 is divided by 782?
550
What is the remainder when 21109 is divided by 132?
121
What is the remainder when 931 is divided by 6?
1
Calculate the remainder when 4721 is divided by 189.
185
What is the remainder when 74237 is divided by 50?
37
Calculate the remainder when 5198 is divided by 2558.
82
What is the remainder when 76439 is divided by 90?
29
Calculate the remainder when 3185 is divided by 573.
320
What is the remainder when 2750 is divided by 9?
5
What is the remainder when 15611 is divided by 5179?
74
Calculate the remainder when 10593 is divided by 597.
444
What is the remainder when 2178 is divided by 1006?
166
What is the remainder when 7836 is divided by 50?
36
What is the remainder when 77573 is divided by 56?
13
What is the remainder when 145501 is divided by 51?
49
Calculate the remainder when 1343 is divided by 638.
67
What is the remainder when 20547 is divided by 4086?
117
What is the remainder when 21810 is divided by 1363?
2
Calculate the remainder when 7100 is divided by 624.
236
Calculate the remainder when 46031 is divided by 885.
11
Calculate the remainder when 1926 is divided by 172.
34
Calculate the remainder when 15081 is divided by 455.
66
What is the remainder when 1638 is divided by 407?
10
What is the remainder when 12372 is divided by 6181?
10
Calculate the remainder when 89724 is divided by 33.
30
Calculate the remainder when 48502 is divided by 16.
6
What is the remainder when 14612 is divided by 212?
196
Calculate the remainder when 5149 is divided by 214.
13
What is the remainder when 72335 is divided by 3444?
11
Calculate the remainder when 14827 is divided by 1804.
395
Calculate the remainder when 2314 is divided by 705.
199
What is the remainder when 73187 is divided by 342?
341
Calculate the remainder when 1595 is divided by 787.
21
What is the remainder when 3319 is divided by 504?
295
Calculate the remainder when 5223 is divided by 4.
3
Calculate the remainder when 4377 is divided by 55.
32
What is the remainder when 15187 is divided by 12?
7
What is the remainder when 316692 is divided by 645?
642
What is the remainder when 799 is divided by 104?
71
Calculate the remainder when 9591254 is divided by 15.
14
What is the remainder when 25467 is divided by 25463?
4
Calculate the remainder when 40336 is divided by 984.
976
What is the remainder when 5493 is divided by 162?
147
Calculate the remainder when 12697 is divided by 17.
15
What is the remainder when 29336 is divided by 381?
380
Calculate the remainder when 24400 is divided by 83.
81
Calculate the remainder when 2137 is divided by 361.
332
What is t